the value of (1 - (-2 - -1)) + (-33 - (-28 + 4)) + 24?
17
What is the value of -84 + 3 + 58 + 65?
42
Calculate -13 + 17 + -31 + 0 - 4.
-31
What is the value of 22 + -8 + -27 + (6 - -9) + -24?
-22
Calculate -21 + (886 - 893 - (-1 - -1 - 7)).
-21
Evaluate (-1 + -32 - -3) + -31 + 32 + -6.
-35
47 + -106 + 95 + -44
-8
Calculate (7 - -16) + -10 - (-6 + 93 + 7 + -2).
-79
What is (98 - (3 - -1)) + (-19 - (-47 + 22)) + 9?
109
Evaluate (4 + -1 - -63) + (17 - -13 - 30).
66
Evaluate -30 + 8 + 3 + (-8 - -15) + 21 - 12.
-3
What is the value of -2 - (86 - 144 - -100)?
-44
-66 + (1 + 4 - (62 + 0 + -53))
-70
-15 + 28 + (18 - (-15 - -30))
16
Evaluate -237 - -369 - 105 - (-31 - 0).
58
What is the value of -74 + 87 + 70 - 57?
26
What is 49 - (-33 + 43 + (8 + -1 + -11 - 0))?
43
-2 + 5 + (5 - 18)
-10
20 - 21 - (-1 - -2) - -1 - -4 - 7
-4
What is the value of (0 - -2) + -2 + 1 - (-6942 - -6868)?
75
Evaluate 1 + -6 + (11 - (-22 + 13)).
15
(-6 - -30) + (-16 - 2) - (1 - 23)
28
Evaluate 6 - (1 + -2 - -15 - (67 + -88 + -72)).
-101
What is -1 - (-6 + 0) - (6 + 4 + -38)?
33
Calculate (-234 - -120) + (-5 - -4) - (-24 - -3).
-94
What is the value of (1 - -1) + -22 + (14 - -24 - -74)?
92
What is 44 + -163 + (114 - 38)?
-43
Calculate -32 + 263 + -298 + (-2 - -19).
-50
What is the value of 7 + (28 - (-45 - -112)) + -88?
-120
What is the value of -21 + -25 + 8 + -17 + 26?
-29
Evaluate 266 + -245 - (120 - -1) - 17.
-117
Evaluate 1478 + -1554 + 50 + 2.
-24
Evaluate 142 - (-66 + -70 - -316).
-38
What is -172 + (83 - -28 - -2)?
-59
Evaluate 12 - (-2 + -6) - (-116 - -119).
17
Evaluate (-72 + 65 - (6 - 3)) + 27 + -2.
15
What is 0 + 3 - (29 + (4 - 6 - -47))?
-71
What is the value of -221 - (-148 - (-134 + 131))?
-76
17 + -2 + 11 + 94 + 11 + 4 + -15
120
Evaluate (15 - (-16 + 1)) + 2 + 19.
51
What is 24 + 13 + -93 + -3 + (1 - -2 - -1)?
-55
What is the value of (-1 - -35) + (-5237 - -5077) + (-1 - -4)?
-123
-16 - (-145 - -143 - (-3 + -4 + 10 + -5))
-16
(0 - 7) + (843 - 890)
-54
Calculate -76 - (115 + (-364 - -96)).
77
Evaluate -53 + -1 + 3048 + -3013.
-19
84 - (192 + -124) - 106
-90
Evaluate (4 - ((13 - -3) + 3 + -3 + -2)) + -31.
-41
Evaluate -19 - 27 - (-31 - -6).
-21
Evaluate ((16 - 3) + 8 - 32) + 51.
40
-54 + -15 + (3 - -15)
-51
Evaluate 41 - ((17 - -27) + -26).
23
What is (3 - 2) + -50 + -4 + (-30 + 22 - -13)?
-48
What is (32 - 26 - -23) + -81 + -19?
-71
(37 - 41 - (-15 - (-7 + -8 + 8))) + 13
17
What is the value of 0 - (5 + -81 + 15) - (-36 - -12)?
85
What is the value of (9644 - 9785) + 83 + 1?
-57
What is the value of 3 - (-1 - (0 + 4)) - (496 + -474)?
-14
(141 - 158) + (22 - 2) - -1
4
What is (-11 + -21 - 26) + (3 - (-13 - -2))?
-44
What is the value of 0 - 15 - (79 - (2 + 64))?
-28
What is -9 + 1 - (-35 + 10 + 48)?
-31
Calculate (7 - (2 - (14 - 5))) + (-521 - -507).
0
46 + (3 + -15 - -34 - 11)
57
What is the value of -2 - 1 - (4 - -6 - -10)?
-23
What is (8 - 0 - (-313 - -321)) + -23?
-23
129 + (-72 - (159 - 225)) + (16 - -1 - 0)
140
What is the value of 31 + -29 + -23 - -42?
21
What is 39 - (-11 - -24) - (-9 + 61)?
-26
Calculate 11 - (-19 - (-47 + 20)) - (8 + -8 - 0).
3
Evaluate 8 + -3 - (-2 + (62 + -11 - 10)).
-34
Calculate -16 + 8 + 9 + (-4 - -23).
20
Evaluate (10 - 1) + (62 - 75) + -5 + 18.
9
What is -62 + -5 + (-21 - (-6 - (5 - 3))) - -11?
-69
Evaluate 5 - 24 - (52 + 2 + -41).
-32
What is the value of -24 + -1 - (-19 + 0) - (-11 + 1 + 0)?
4
Evaluate -10 + (2 - 0 - ((-43 - -6) + 44)).
-15
Calculate (10 - (-24 + 44)) + (-1 - (-9 - 0)).
-2
Calculate -94 + (-21 - -66 - (7 - -8)).
-64
20 + (23 - 44 - -21) + 18 + -2
36
-1 + 20 + (-200 - -183) - -11 - -48
61
Evaluate -14 + 7 + -15 + (40 - 10).
8
Calculate (-1 + 2 - (11 - (-52 - -52))) + 1 + 0.
-9
What is 24 + -23 + 2 - -7 - ((2 - 64) + -3)?
75
Evaluate -3 + 40 + 531 + -593.
-25
-29 + 1 - (37 + -4 + -15 - 2)
-44
Calculate -24 - (-14 - ((-26 - -5) + 34)).
3
Evaluate 6 - (-22 - -60 - 8) - -9.
-15
Evaluate -20 + (2 - 9 - -20) + -6 - 28.
-41
What is the value of -107 - -3 - (20 - (-1 + 1) - 21)?
-103
Evaluate 103 + -162 + 89 - (-22 + -1).
53
What is the value of (2 + 4 - -4) + (821 - 772)?
59
What is the value of -15 + (48 - 88) + 12?
-43
Evaluate 98 - -7 - (661 + -635).
79
(-2 - -118) + -4090 + 3999
25
-22 + -28 + 11 + (4 - 4)
-39
What is the value of 63 + -94 + -21 - -17?
-35
What is the value of 2103 - 2072 - (4 - 4 - 27)?
58
What is the value of (13 - 3) + (3 + -9 + -8 - -13) - -2?
11
What is 460 - 521 - (-41 - 6) - (-84 + -1)?
71
Calculate 12 - (10 - 10 - (11 + -7 - 0)).
16
Evaluate -28 + 34 - (-4 - (-5 + 12)).
17
17 + 57 + -149 + -59
-134
Evaluate -4 + (2 - 6 - (-13 - -6)) - (-6 - 1).
6
What is the value of 18 - (-8 + 92 + 25)?
-91
-82 - (-171 + (94 - 47))
42
Evaluate 8 - -7 - 15 - (2 + 5 + 5) - 26.
-38
What is the value of 49 - (-12 - 2 - (1253 + -1389))?
-73
-212 + 209 - (-9 - (-13 - 65))
-72
Evaluate -28 + -22 + (39 - 35).
-46
What is the value of (36 - (47 - 32)) + 0 - 15?
6
-10 + -27 + (-6 - (7 - 21 - -8))
-37
-432 + 428 - (4 + 33)
-41
32 - (-42 - -47) - 22
5
What is -47 + -19 + (-28 - -42 - -126)?
74
What is 8 - (10 + 51 + 12 + -13 + -2)?
-50
What is the value of -5 + -16 + 8 + (-8 + 6 - 3 - -15)?
-3
4 + -29 + 2 - (-33 - -21) - -9
-2
What is 20 + (7 - (18 + -35 + 34))?
10
47 - (84 - (-28 + 61))
-4
13 - 3 - (-41 + -11 + 20)
42
Evaluate -161 - ((3 - -39) + -114).
-89
Calculate -1697 - -1696 - (-1 + 20).
-20
What is -3 - (-66 + 40) - 53?
-30
What is -16 - -98 - 3 - 71?
8
What is -14 - (-2 + 2) - (-16180 - -16158) - (64 + -1)?
-55
What is -2 + -21 - (14 + -47 + 36)?
-26
Calculate 65 + 0 - (4616 + -4540).
-11
Evaluate -158 + 309 - 139 - -16.
28
What is 24 + -7 + -102 - (-16 + 2 + -4 + 5)?
-72
Evaluate -9 - (17 + -8 + 2 + 0 + 23 + -30).
-13
What is the value of -25 - (-133 + (-18 - -37) - -18)?
71
What is 10 + 4 + -3 + (-20 - (33 - 27))?
-15
(-64 - 32) + 53 + 27
-16
Evaluate (3 - 61 - (-14 + 10 - -1)) + 5.
-50
Calculate (3 + 1 - 14) + 41 + (7 - 0).
38
What is the value of -62 - (11 + 16 - (35 + -9))?
-63
30 + -68 + 79 - -1
42
Calculate 3 - 58 - (315 + -418).
48
Calculate 11 + -4 + -22 + (9 - 9) + -49.
-64
Evaluate -5 - 60 - (-943 + 844).
34
Evaluate 38 + -37 + 61 + -86.
-24
Calculate 79 + 4 + (2 + -3 - -12) - -1.
95
What is the value of -58 + (-38 - -118) - 9?
13
(58 - (2 - 0)) + 29 + (5 - 27) + 12
75
Evaluate -2 + -51 - ((152 - 144) + (1 - -2) - 11).
-53
Evaluate (116 - 98 - 17) + (2 - 0).
3
What is the value of -10475 - -10453 - (-43 - (0 + 2))?
23
-17 - (-6 + -10 + (-23 - -21))
1
What is 91 + -35 + -2 - 33?
21
What is the value of 30 + -26 - -29 - 13?
20
What is 46 + 50 + -47 + -15 + 8?
42
What is the value of (4 - 0 - (1186 + -1171)) + -24?
-35
What is the value of -11 - -9 - ((-2 - (0 + 1)) + -4) - -60?
65
0 + (-1 - (5 + 0)) - (45 - (4 + 44))
-3
What is 16 + -42 - (-37 + 12) - -15?
14
7 + (21 - -1 - (13 + (-11 - (-10 - 2))))
15
Calculate 10 + -2 + (-4 - (-7 + 22)) + -14.
-25
Calculate 77 + -242 - -89 - -122.
46
What is the value of 22 - (188 + -103 - (-9 - -53))?
-19
What is the value of 30 + 15 + -7 + (2 - 0) + 2?
42
Evaluate (121 - (212 - 75)) + -84.
-100
What is 290 + -280 + (-57 - -2)?
-45
-9 + 19 - (-9 + 5) - -6 - 77
-57
1 + -11 + 2 - (-21 + 86 + 3 + -14)
-62
What is the value of -88 + -208 + 278 - (-1 + 0 - 68)?
51
What is the value of (-11 - 12) + 21 + 51 + -17?
32
(0 + 15 - (-1558 - -1566)) + (12 - (1 - 0))
18
Evaluate -13 + 5 + 12 + (4 - 38) + 8.
-22
Evaluate 43 + -10 + -11 - (-14 + 38).
-2
Calculate -176 + 213 + -69 + (-21 - 1).
-54
Evaluate 47 + (-50 - 47) - 52 - 37.
-139
Calculate -6 - -15 - ((51 - -12) + 17).
-71
Evaluate -3 + -1 + -31 + 1 + 7 + 13.
-14
Calculate -183 + 172 - ((-12 - -7) + -120 + -1 + -2).
117
What is 5 + -40 - (-4 + -2 + (-10 - -19))?
-38
What is 11 - (-2 - 12 - (-2 - (-19 + 33)))?
9
What is 12 + 0 + -30 + 23 + -34 + 29 + -7?
-7
What is the value of -75 - ((70 - 97) + (46 - -3))?
-97
What is -74 + (-25 + 11 + -2 - -30)?
-60
Calculate -108 + (665 + -673 - (-20 - -1)).
-97
Evaluate -6 + -140 + 239 + 2 + -43.
52
8 + 18 + -17 - (-89 + 45)
53
What is the value of 8 + 4 + (20 - (12 - (-1 + -35)))?
-16
Evaluate (-65 - 0) + 0 + 12 + (200 + -90 - 114).
-57
32 - (-16 + 52 + -18) - (0 + 28)
-14
Calculate -1 + -14 - (-760 - -720).
25
Calculate -5 - (11 - 22) - (-39 - (6 - (1 - -5))).
45
What is the value